{"id":34,"date":"2024-10-07T13:06:08","date_gmt":"2024-10-07T13:06:08","guid":{"rendered":"https:\/\/md.korty.org\/?page_id=34"},"modified":"2025-11-20T19:32:29","modified_gmt":"2025-11-20T19:32:29","slug":"terminarz-amatorzy","status":"publish","type":"page","link":"https:\/\/md.korty.org\/?page_id=34","title":{"rendered":"Amatorzy"},"content":{"rendered":"<p><a href=\"https:\/\/md.korty.org\/?page_id=28\"><button>SK\u0141ADY<\/button><\/a> <a href=\"https:\/\/md.korty.org\/?page_id=38\"><button>WYNIKI<\/button><\/a><\/p>\n<h3>1 kolejka<\/h3>\n<p>21.09.2025 KT Break \u2013 KT Olszynka<br \/>\n21.09.2025 Morelowa TC \u2013 KT Warszawianka<br \/>\n21.09.2025 KT Orze\u0142 \u2013 Tie Break<br \/>\n28.09.2025 TenisPoint \u2013 Arena Tenisa<br \/>\n04.10.2025 Park Tennis Academy \u2013 Sp\u00f3jnia Dolna <\/p>\n<h3>2 kolejka<\/h3>\n<p>11.10.2025 KT Orze\u0142 \u2013 Morelowa TC<br \/>\n12.10.2025 Park Tennis Academy \u2013 KT Break<br \/>\n12.10.2025 TenisPoint \u2013 Sp\u00f3jnia Dolna<br \/>\n12.10.2025 Arena Tenisa \u2013 KT Warszawianka<br \/>\n19.10.2025 Tie Break \u2013 KT Olszynka<\/p>\n<h3>3 kolejka<\/h3>\n<p>26.10.2025 TenisPoint &#8211; KT Break<br \/>\n26.10.2025 KT Warszawianka \u2013 Tie Break<br \/>\n26.10.2025 Arena Tenisa \u2013 Morelowa TC<br \/>\n02.11.2025 Sp\u00f3jnia Dolna \u2013 KT Orze\u0142<br \/>\n02.11.2025 KT Olszynka \u2013 Park Tennis Academy<\/p>\n<h3>4 kolejka<\/h3>\n<p>16.11.2025 KT Olszynka \u2013 TenisPoint<br \/>\n16.11.2025 Sp\u00f3jnia Dolna \u2013 KT Break<br \/>\n16.11.2025 KT Warszawianka \u2013 KT Orze\u0142<br \/>\n16.11.2025 Tie Break \u2013 Arena Tenisa<br \/>\n16.11.2025 Morelowa TC \u2013 Park Tennis Academy<\/p>\n<h3>Fina\u0142y<\/h3>\n<p>07.12.2025 Mecz o 1. miejsce: KT Olszynka &#8211; Morelowa TC<br \/>\n07.12.2025 Mecz o 3. miejsce: KT Break &#8211; Arena Tenisa<br \/>\n07.12.2025 Mecz o 5. miejsce: Warszawianka \u2013 Sp\u00f3jnia Dolna<br \/>\n07.12.2025 Mecz o 7. miejsce: KT Orze\u0142 \u2013 TenisPoint<br \/>\n07.12.2025 Mecz o 9. miejsce: Tie Break \u2013 Park Tennis Academy<\/p>\n","protected":false},"excerpt":{"rendered":"<p>SK\u0141ADY WYNIKI 1 kolejka 21.09.2025 KT Break \u2013 KT Olszynka 21.09.2025 Morelowa TC \u2013 KT Warszawianka 21.09.2025 KT Orze\u0142 \u2013 Tie Break 28.09.2025 TenisPoint \u2013 Arena Tenisa 04.10.2025 Park Tennis Academy \u2013 Sp\u00f3jnia Dolna 2 kolejka 11.10.2025 KT Orze\u0142 \u2013 Morelowa TC 12.10.2025 Park Tennis Academy \u2013 KT Break 12.10.2025 TenisPoint \u2013 Sp\u00f3jnia Dolna 12.10.2025 &#8230; <a title=\"Amatorzy\" class=\"read-more\" href=\"https:\/\/md.korty.org\/?page_id=34\" aria-label=\"Read more about Amatorzy\">Dowiedz si\u0119 wi\u0119cej<\/a><\/p>\n","protected":false},"author":1,"featured_media":0,"parent":0,"menu_order":0,"comment_status":"closed","ping_status":"closed","template":"","meta":{"footnotes":""},"class_list":["post-34","page","type-page","status-publish"],"yoast_head":"<!-- This site is optimized with the Yoast SEO plugin v23.5 - https:\/\/yoast.com\/wordpress\/plugins\/seo\/ -->\n<title>Amatorzy -<\/title>\n<meta name=\"robots\" content=\"index, follow, max-snippet:-1, max-image-preview:large, max-video-preview:-1\" \/>\n<link rel=\"canonical\" href=\"https:\/\/md.korty.org\/?page_id=34\" \/>\n<meta property=\"og:locale\" content=\"pl_PL\" \/>\n<meta property=\"og:type\" content=\"article\" \/>\n<meta property=\"og:title\" content=\"Amatorzy -\" \/>\n<meta property=\"og:description\" content=\"SK\u0141ADY WYNIKI 1 kolejka 21.09.2025 KT Break \u2013 KT Olszynka 21.09.2025 Morelowa TC \u2013 KT Warszawianka 21.09.2025 KT Orze\u0142 \u2013 Tie Break 28.09.2025 TenisPoint \u2013 Arena Tenisa 04.10.2025 Park Tennis Academy \u2013 Sp\u00f3jnia Dolna 2 kolejka 11.10.2025 KT Orze\u0142 \u2013 Morelowa TC 12.10.2025 Park Tennis Academy \u2013 KT Break 12.10.2025 TenisPoint \u2013 Sp\u00f3jnia Dolna 12.10.2025 ... Dowiedz si\u0119 wi\u0119cej\" \/>\n<meta property=\"og:url\" content=\"https:\/\/md.korty.org\/?page_id=34\" \/>\n<meta property=\"article:modified_time\" content=\"2025-11-20T19:32:29+00:00\" \/>\n<meta name=\"twitter:card\" content=\"summary_large_image\" \/>\n<meta name=\"twitter:label1\" content=\"Szacowany czas czytania\" \/>\n\t<meta name=\"twitter:data1\" content=\"1 minuta\" \/>\n<script type=\"application\/ld+json\" class=\"yoast-schema-graph\">{\"@context\":\"https:\/\/schema.org\",\"@graph\":[{\"@type\":\"WebPage\",\"@id\":\"https:\/\/md.korty.org\/?page_id=34\",\"url\":\"https:\/\/md.korty.org\/?page_id=34\",\"name\":\"Amatorzy -\",\"isPartOf\":{\"@id\":\"https:\/\/md.korty.org\/#website\"},\"datePublished\":\"2024-10-07T13:06:08+00:00\",\"dateModified\":\"2025-11-20T19:32:29+00:00\",\"breadcrumb\":{\"@id\":\"https:\/\/md.korty.org\/?page_id=34#breadcrumb\"},\"inLanguage\":\"pl-PL\",\"potentialAction\":[{\"@type\":\"ReadAction\",\"target\":[\"https:\/\/md.korty.org\/?page_id=34\"]}]},{\"@type\":\"BreadcrumbList\",\"@id\":\"https:\/\/md.korty.org\/?page_id=34#breadcrumb\",\"itemListElement\":[{\"@type\":\"ListItem\",\"position\":1,\"name\":\"Strona g\u0142\u00f3wna\",\"item\":\"https:\/\/md.korty.org\/\"},{\"@type\":\"ListItem\",\"position\":2,\"name\":\"Amatorzy\"}]},{\"@type\":\"WebSite\",\"@id\":\"https:\/\/md.korty.org\/#website\",\"url\":\"https:\/\/md.korty.org\/\",\"name\":\"\",\"description\":\"\",\"potentialAction\":[{\"@type\":\"SearchAction\",\"target\":{\"@type\":\"EntryPoint\",\"urlTemplate\":\"https:\/\/md.korty.org\/?s={search_term_string}\"},\"query-input\":{\"@type\":\"PropertyValueSpecification\",\"valueRequired\":true,\"valueName\":\"search_term_string\"}}],\"inLanguage\":\"pl-PL\"}]}<\/script>\n<!-- \/ Yoast SEO plugin. -->","yoast_head_json":{"title":"Amatorzy -","robots":{"index":"index","follow":"follow","max-snippet":"max-snippet:-1","max-image-preview":"max-image-preview:large","max-video-preview":"max-video-preview:-1"},"canonical":"https:\/\/md.korty.org\/?page_id=34","og_locale":"pl_PL","og_type":"article","og_title":"Amatorzy -","og_description":"SK\u0141ADY WYNIKI 1 kolejka 21.09.2025 KT Break \u2013 KT Olszynka 21.09.2025 Morelowa TC \u2013 KT Warszawianka 21.09.2025 KT Orze\u0142 \u2013 Tie Break 28.09.2025 TenisPoint \u2013 Arena Tenisa 04.10.2025 Park Tennis Academy \u2013 Sp\u00f3jnia Dolna 2 kolejka 11.10.2025 KT Orze\u0142 \u2013 Morelowa TC 12.10.2025 Park Tennis Academy \u2013 KT Break 12.10.2025 TenisPoint \u2013 Sp\u00f3jnia Dolna 12.10.2025 ... Dowiedz si\u0119 wi\u0119cej","og_url":"https:\/\/md.korty.org\/?page_id=34","article_modified_time":"2025-11-20T19:32:29+00:00","twitter_card":"summary_large_image","twitter_misc":{"Szacowany czas czytania":"1 minuta"},"schema":{"@context":"https:\/\/schema.org","@graph":[{"@type":"WebPage","@id":"https:\/\/md.korty.org\/?page_id=34","url":"https:\/\/md.korty.org\/?page_id=34","name":"Amatorzy -","isPartOf":{"@id":"https:\/\/md.korty.org\/#website"},"datePublished":"2024-10-07T13:06:08+00:00","dateModified":"2025-11-20T19:32:29+00:00","breadcrumb":{"@id":"https:\/\/md.korty.org\/?page_id=34#breadcrumb"},"inLanguage":"pl-PL","potentialAction":[{"@type":"ReadAction","target":["https:\/\/md.korty.org\/?page_id=34"]}]},{"@type":"BreadcrumbList","@id":"https:\/\/md.korty.org\/?page_id=34#breadcrumb","itemListElement":[{"@type":"ListItem","position":1,"name":"Strona g\u0142\u00f3wna","item":"https:\/\/md.korty.org\/"},{"@type":"ListItem","position":2,"name":"Amatorzy"}]},{"@type":"WebSite","@id":"https:\/\/md.korty.org\/#website","url":"https:\/\/md.korty.org\/","name":"","description":"","potentialAction":[{"@type":"SearchAction","target":{"@type":"EntryPoint","urlTemplate":"https:\/\/md.korty.org\/?s={search_term_string}"},"query-input":{"@type":"PropertyValueSpecification","valueRequired":true,"valueName":"search_term_string"}}],"inLanguage":"pl-PL"}]}},"_links":{"self":[{"href":"https:\/\/md.korty.org\/index.php?rest_route=\/wp\/v2\/pages\/34","targetHints":{"allow":["GET"]}}],"collection":[{"href":"https:\/\/md.korty.org\/index.php?rest_route=\/wp\/v2\/pages"}],"about":[{"href":"https:\/\/md.korty.org\/index.php?rest_route=\/wp\/v2\/types\/page"}],"author":[{"embeddable":true,"href":"https:\/\/md.korty.org\/index.php?rest_route=\/wp\/v2\/users\/1"}],"replies":[{"embeddable":true,"href":"https:\/\/md.korty.org\/index.php?rest_route=%2Fwp%2Fv2%2Fcomments&post=34"}],"version-history":[{"count":19,"href":"https:\/\/md.korty.org\/index.php?rest_route=\/wp\/v2\/pages\/34\/revisions"}],"predecessor-version":[{"id":649,"href":"https:\/\/md.korty.org\/index.php?rest_route=\/wp\/v2\/pages\/34\/revisions\/649"}],"wp:attachment":[{"href":"https:\/\/md.korty.org\/index.php?rest_route=%2Fwp%2Fv2%2Fmedia&parent=34"}],"curies":[{"name":"wp","href":"https:\/\/api.w.org\/{rel}","templated":true}]}}