{"id":30,"date":"2024-10-07T13:00:17","date_gmt":"2024-10-07T13:00:17","guid":{"rendered":"https:\/\/md.korty.org\/?page_id=30"},"modified":"2025-11-18T10:25:40","modified_gmt":"2025-11-18T10:25:40","slug":"zgloszenia-seniorzy","status":"publish","type":"page","link":"https:\/\/md.korty.org\/?page_id=30","title":{"rendered":"Seniorzy 50+"},"content":{"rendered":"<p><a href=\"https:\/\/md.korty.org\/?page_id=40\"><button>WYNIKI<\/button><\/a> <a href=\"https:\/\/md.korty.org\/?page_id=36\"><button>TERMINARZ<\/button><\/a> <\/p>\n<p><strong>KT Warszawianka<\/strong>  &#10003;<\/p>\n<ol>\n<li>Tomasz J\u0119drzejewski, 50<\/li>\n<li>Jacek Czerniszewski, 55<\/li>\n<li>Micha\u0142 J\u0119drzejewski, 55<\/li>\n<li>Piotr Rogalewicz, 55<\/li>\n<li>Cezary Pytel, 55<\/li>\n<li>Marek Rataszewski, 60<\/li>\n<li>Pawe\u0142 Gajewicz, 60<\/li>\n<\/ol>\n<p><strong>Sonic Raszyn<\/strong>  &#10003;<\/p>\n<ol>\n<li> S\u0142awomir Mr\u00f3z, 50<\/li>\n<li> Albert Siekierka, 50<\/li>\n<li> Grzegorz So\u0142tys, 50<\/li>\n<li> \u0141ukasz Wi\u015bniewski, 50<\/li>\n<li> Przemys\u0142aw Sykus, 50<\/li>\n<li> Maciej Nowak, 50<\/li>\n<li> Ireneusz G\u00f3rka, 55<\/li>\n<li> Piotr Gembarowski, 55<\/li>\n<li> Maciej Kalisz, 60<\/li>\n<li> Karol Markiewicz, 60<\/li>\n<\/ol>\n<p><strong>Tie Break<\/strong>  &#10003;<\/p>\n<ol>\n<li>Jacek Hawliczek, 50<\/li>\n<li>Jacek \u0141adny, 55<\/li>\n<li>Dariusz Wyszy\u0144ski, 55<\/li>\n<li>Adam Romer, 55<\/li>\n<li>Andrzej Cebulak, 55<\/li>\n<li>Tomasz Wolfke, 60<\/li>\n<li>Marek Rataj, 60<\/li>\n<\/ol>\n<p><strong>Sp\u00f3jnia Dolna<\/strong>  &#10003;<\/p>\n<ol>\n<li>Micha\u0142 Niewiadomski, 50<\/li>\n<li>Artur Rudnicki, 55<\/li>\n<li>Leszek Naskr\u0119cki, 55<\/li>\n<li>Stanis\u0142aw Batorski, 60<\/li>\n<li>Tomasz Wawrzyniak, 60<\/li>\n<li>Tadeusz Grotowski, 60<\/li>\n<li>Krzysztof Samoj\u0142owicz, 60<\/li>\n<li>Ryszard Hellich, <\/li>\n<\/ol>\n<p><strong>Fundacja ECT<\/strong>  &#10003;<\/p>\n<ol>\n<li>Roman D\u0119biec, 50<\/li>\n<li>Andrzej Dmoch, 50<\/li>\n<li>Marcin Kraska, 50<\/li>\n<li>Jan Szymczak, 50<\/li>\n<li>Artur Wro\u0144ski, 55<\/li>\n<li>Jacques Boue, 55<\/li>\n<li>Lubomir Lembas, 55<\/li>\n<li>Krzysztof Doli\u0144ski, 60<\/li>\n<li>Piotr Saczuk, 60<\/li>\n<li>Jarek Szymaniuk, 60<\/li>\n<li>Artur Ga\u0142ach, 60<\/li>\n<\/ol>\n<p><strong>KT Olszynka<\/strong> &#10003;<\/p>\n<ol>\n<li> Zbyszek Krajewski, 50<\/li>\n<li> Darek Jednacz, 50<\/li>\n<li> Oscar Maya, 50<\/li>\n<li> Jacek W\u0119glarz, 50<\/li>\n<li> Tomasz Soko\u0142owski, 55<\/li>\n<li> Maciej D\u0119bski, 55<\/li>\n<li> W\u0142odek Brzusek, 55<\/li>\n<li> Krzysztof Ry\u0144ski, 60<\/li>\n<li> Darek \u0141ugowski, 60<\/li>\n<li> Waldek O\u0142dak, 60<\/li>\n<\/ol>\n","protected":false},"excerpt":{"rendered":"<p>WYNIKI TERMINARZ KT Warszawianka &#10003; Tomasz J\u0119drzejewski, 50 Jacek Czerniszewski, 55 Micha\u0142 J\u0119drzejewski, 55 Piotr Rogalewicz, 55 Cezary Pytel, 55 Marek Rataszewski, 60 Pawe\u0142 Gajewicz, 60 Sonic Raszyn &#10003; S\u0142awomir Mr\u00f3z, 50 Albert Siekierka, 50 Grzegorz So\u0142tys, 50 \u0141ukasz Wi\u015bniewski, 50 Przemys\u0142aw Sykus, 50 Maciej Nowak, 50 Ireneusz G\u00f3rka, 55 Piotr Gembarowski, 55 Maciej Kalisz, &#8230; <a title=\"Seniorzy 50+\" class=\"read-more\" href=\"https:\/\/md.korty.org\/?page_id=30\" aria-label=\"Read more about Seniorzy 50+\">Dowiedz si\u0119 wi\u0119cej<\/a><\/p>\n","protected":false},"author":1,"featured_media":0,"parent":0,"menu_order":0,"comment_status":"closed","ping_status":"closed","template":"","meta":{"footnotes":""},"class_list":["post-30","page","type-page","status-publish"],"yoast_head":"<!-- This site is optimized with the Yoast SEO plugin v23.5 - https:\/\/yoast.com\/wordpress\/plugins\/seo\/ -->\n<title>Seniorzy 50+ -<\/title>\n<meta name=\"robots\" content=\"index, follow, max-snippet:-1, max-image-preview:large, max-video-preview:-1\" \/>\n<link rel=\"canonical\" href=\"https:\/\/md.korty.org\/?page_id=30\" \/>\n<meta property=\"og:locale\" content=\"pl_PL\" \/>\n<meta property=\"og:type\" content=\"article\" \/>\n<meta property=\"og:title\" content=\"Seniorzy 50+ -\" \/>\n<meta property=\"og:description\" content=\"WYNIKI TERMINARZ KT Warszawianka &#10003; Tomasz J\u0119drzejewski, 50 Jacek Czerniszewski, 55 Micha\u0142 J\u0119drzejewski, 55 Piotr Rogalewicz, 55 Cezary Pytel, 55 Marek Rataszewski, 60 Pawe\u0142 Gajewicz, 60 Sonic Raszyn &#10003; S\u0142awomir Mr\u00f3z, 50 Albert Siekierka, 50 Grzegorz So\u0142tys, 50 \u0141ukasz Wi\u015bniewski, 50 Przemys\u0142aw Sykus, 50 Maciej Nowak, 50 Ireneusz G\u00f3rka, 55 Piotr Gembarowski, 55 Maciej Kalisz, ... Dowiedz si\u0119 wi\u0119cej\" \/>\n<meta property=\"og:url\" content=\"https:\/\/md.korty.org\/?page_id=30\" \/>\n<meta property=\"article:modified_time\" content=\"2025-11-18T10:25:40+00:00\" \/>\n<meta name=\"twitter:card\" content=\"summary_large_image\" \/>\n<meta name=\"twitter:label1\" content=\"Szacowany czas czytania\" \/>\n\t<meta name=\"twitter:data1\" content=\"2 minuty\" \/>\n<script type=\"application\/ld+json\" class=\"yoast-schema-graph\">{\"@context\":\"https:\/\/schema.org\",\"@graph\":[{\"@type\":\"WebPage\",\"@id\":\"https:\/\/md.korty.org\/?page_id=30\",\"url\":\"https:\/\/md.korty.org\/?page_id=30\",\"name\":\"Seniorzy 50+ -\",\"isPartOf\":{\"@id\":\"https:\/\/md.korty.org\/#website\"},\"datePublished\":\"2024-10-07T13:00:17+00:00\",\"dateModified\":\"2025-11-18T10:25:40+00:00\",\"breadcrumb\":{\"@id\":\"https:\/\/md.korty.org\/?page_id=30#breadcrumb\"},\"inLanguage\":\"pl-PL\",\"potentialAction\":[{\"@type\":\"ReadAction\",\"target\":[\"https:\/\/md.korty.org\/?page_id=30\"]}]},{\"@type\":\"BreadcrumbList\",\"@id\":\"https:\/\/md.korty.org\/?page_id=30#breadcrumb\",\"itemListElement\":[{\"@type\":\"ListItem\",\"position\":1,\"name\":\"Strona g\u0142\u00f3wna\",\"item\":\"https:\/\/md.korty.org\/\"},{\"@type\":\"ListItem\",\"position\":2,\"name\":\"Seniorzy 50+\"}]},{\"@type\":\"WebSite\",\"@id\":\"https:\/\/md.korty.org\/#website\",\"url\":\"https:\/\/md.korty.org\/\",\"name\":\"\",\"description\":\"\",\"potentialAction\":[{\"@type\":\"SearchAction\",\"target\":{\"@type\":\"EntryPoint\",\"urlTemplate\":\"https:\/\/md.korty.org\/?s={search_term_string}\"},\"query-input\":{\"@type\":\"PropertyValueSpecification\",\"valueRequired\":true,\"valueName\":\"search_term_string\"}}],\"inLanguage\":\"pl-PL\"}]}<\/script>\n<!-- \/ Yoast SEO plugin. -->","yoast_head_json":{"title":"Seniorzy 50+ -","robots":{"index":"index","follow":"follow","max-snippet":"max-snippet:-1","max-image-preview":"max-image-preview:large","max-video-preview":"max-video-preview:-1"},"canonical":"https:\/\/md.korty.org\/?page_id=30","og_locale":"pl_PL","og_type":"article","og_title":"Seniorzy 50+ -","og_description":"WYNIKI TERMINARZ KT Warszawianka &#10003; Tomasz J\u0119drzejewski, 50 Jacek Czerniszewski, 55 Micha\u0142 J\u0119drzejewski, 55 Piotr Rogalewicz, 55 Cezary Pytel, 55 Marek Rataszewski, 60 Pawe\u0142 Gajewicz, 60 Sonic Raszyn &#10003; S\u0142awomir Mr\u00f3z, 50 Albert Siekierka, 50 Grzegorz So\u0142tys, 50 \u0141ukasz Wi\u015bniewski, 50 Przemys\u0142aw Sykus, 50 Maciej Nowak, 50 Ireneusz G\u00f3rka, 55 Piotr Gembarowski, 55 Maciej Kalisz, ... Dowiedz si\u0119 wi\u0119cej","og_url":"https:\/\/md.korty.org\/?page_id=30","article_modified_time":"2025-11-18T10:25:40+00:00","twitter_card":"summary_large_image","twitter_misc":{"Szacowany czas czytania":"2 minuty"},"schema":{"@context":"https:\/\/schema.org","@graph":[{"@type":"WebPage","@id":"https:\/\/md.korty.org\/?page_id=30","url":"https:\/\/md.korty.org\/?page_id=30","name":"Seniorzy 50+ -","isPartOf":{"@id":"https:\/\/md.korty.org\/#website"},"datePublished":"2024-10-07T13:00:17+00:00","dateModified":"2025-11-18T10:25:40+00:00","breadcrumb":{"@id":"https:\/\/md.korty.org\/?page_id=30#breadcrumb"},"inLanguage":"pl-PL","potentialAction":[{"@type":"ReadAction","target":["https:\/\/md.korty.org\/?page_id=30"]}]},{"@type":"BreadcrumbList","@id":"https:\/\/md.korty.org\/?page_id=30#breadcrumb","itemListElement":[{"@type":"ListItem","position":1,"name":"Strona g\u0142\u00f3wna","item":"https:\/\/md.korty.org\/"},{"@type":"ListItem","position":2,"name":"Seniorzy 50+"}]},{"@type":"WebSite","@id":"https:\/\/md.korty.org\/#website","url":"https:\/\/md.korty.org\/","name":"","description":"","potentialAction":[{"@type":"SearchAction","target":{"@type":"EntryPoint","urlTemplate":"https:\/\/md.korty.org\/?s={search_term_string}"},"query-input":{"@type":"PropertyValueSpecification","valueRequired":true,"valueName":"search_term_string"}}],"inLanguage":"pl-PL"}]}},"_links":{"self":[{"href":"https:\/\/md.korty.org\/index.php?rest_route=\/wp\/v2\/pages\/30","targetHints":{"allow":["GET"]}}],"collection":[{"href":"https:\/\/md.korty.org\/index.php?rest_route=\/wp\/v2\/pages"}],"about":[{"href":"https:\/\/md.korty.org\/index.php?rest_route=\/wp\/v2\/types\/page"}],"author":[{"embeddable":true,"href":"https:\/\/md.korty.org\/index.php?rest_route=\/wp\/v2\/users\/1"}],"replies":[{"embeddable":true,"href":"https:\/\/md.korty.org\/index.php?rest_route=%2Fwp%2Fv2%2Fcomments&post=30"}],"version-history":[{"count":44,"href":"https:\/\/md.korty.org\/index.php?rest_route=\/wp\/v2\/pages\/30\/revisions"}],"predecessor-version":[{"id":648,"href":"https:\/\/md.korty.org\/index.php?rest_route=\/wp\/v2\/pages\/30\/revisions\/648"}],"wp:attachment":[{"href":"https:\/\/md.korty.org\/index.php?rest_route=%2Fwp%2Fv2%2Fmedia&parent=30"}],"curies":[{"name":"wp","href":"https:\/\/api.w.org\/{rel}","templated":true}]}}